n base 9?
2154254
146d21 (base 14) to base 8
2553601
What is 29c0c5 (base 16) in base 12?
abb631
Convert 14b460 (base 12) to base 5.
42221212
Convert 501c (base 16) to base 4.
11000130
2554902 (base 10) to base 5
1123224102
Convert -791859 (base 11) to base 3.
-2101002102211
Convert -566554 (base 9) to base 10.
-339439
What is 15226278 (base 10) in base 2?
111010000101010110100110
14219 (base 14) to base 7
265132
What is 190374 (base 15) in base 3?
2021202202001
-19d823 (base 15) to base 13
-351aa7
What is 5380215 (base 9) in base 6?
141513452
What is 313602 (base 9) in base 10?
186383
Convert -1035305024 (base 6) to base 8.
-52502450
Convert 2575172 (base 8) to base 5.
141010412
What is -20634212 (base 8) in base 2?
-10000110011100010001010
What is -101010010110100110 (base 2) in base 10?
-173478
Convert -310312014 (base 5) to base 3.
-2101000202021
-123341 (base 10) to base 8
-360715
Convert -322332201201 (base 4) to base 8.
-72764141
811017 (base 9) to base 7
4035352
Convert 3918e1 (base 16) to base 15.
4ddab6
22102143 (base 5) to base 16
2e9cb
233320202 (base 4) to base 11
1243a0
Convert 31ed00 (base 16) to base 9.
6136224
What is 42331411 (base 5) in base 6?
11340331
Convert 24304264 (base 7) to base 5.
1023411434
Convert -220003132303 (base 4) to base 7.
-155151205
Convert -10704404 (base 8) to base 2.
-1000111000100100000100
Convert 330310222 (base 4) to base 2.
111100110100101010
Convert 1440377 (base 9) to base 8.
3017122
8cc2 (base 15) to base 5
1424012
4231606 (base 7) to base 11
31a796
261113 (base 8) to base 2
10110001001001011
Convert -221142503 (base 6) to base 13.
-a94349
What is -1104 (base 14) in base 8?
-5600
-1535534 (base 7) to base 16
-337b8
What is 25133350 (base 6) in base 12?
32a256
Convert -18627b2 (base 12) to base 8.
-23363766
What is -7547635 (base 10) in base 9?
-15173361
What is -4315ab (base 12) in base 10?
-1060115
Convert 13415503 (base 6) to base 7.
3566232
Convert -10010110011000111110 (base 2) to base 6.
-21111502
What is 1758c9 (base 15) in base 11?
703a4a
Convert 4c2c5 (base 13) to base 7.
1125251
What is -18842585 (base 9) in base 13?
-1c8b072
What is -25000451 (base 6) in base 5?
-200341302
Convert 4576380 (base 10) to base 5.
2132421010
What is 19928 (base 11) in base 9?
42041
210220001 (base 4) to base 10
150017
What is 1000320133 (base 4) in base 11?
17173a
What is 1101101001001000011 (base 2) in base 8?
1551103
Convert 1101111100000111111101 (base 2) to base 10.
3654141
What is -10111000011111100111100 (base 2) in base 16?
-5c3f3c
What is 324334022 (base 5) in base 9?
2566637
Convert 97c5aa (base 15) to base 16.
6e5447
-1cb833 (base 14) to base 15
-155578
33112303 (base 4) to base 3
10012021121
What is -4be17 (base 15) in base 14?
-646a9
What is 10586529 (base 10) in base 6?
1014523413
What is 59399 (base 10) in base 15?
128ee
Convert 51f5 (base 16) to base 3.
1001210002
-15775 (base 12) to base 10
-30473
35205302 (base 8) to base 12
269ab16
4a51a4 (base 12) to base 13
335629
What is a9a360 (base 13) in base 12?
14065b2
Convert bc681c (base 13) to base 10.
4441514
What is 9669bc (base 14) in base 4?
103122200122
Convert -10867a (base 12) to base 14.
-6c0d8
41a55e (base 16) to base 15
59eab9
Convert -74bcf (base 16) to base 9.
-807817
What is -33404202 (base 6) in base 12?
-409662
Convert 220011210111 (base 3) to base 12.
1ab494
What is 414041412 (base 5) in base 9?
3178886
Convert 102023013121 (base 4) to base 10.
4764121
What is -10303330 (base 5) in base 16?
-1579d
Convert 331727 (base 11) to base 13.
156bb1
Convert 25a8b (base 15) to base 9.
203265
Convert 2443132222 (base 5) to base 15.
7a365c
Convert 36061436 (base 7) to base 2.
1100001011001011000111
Convert -212211000222 (base 3) to base 15.
-93d68
What is 82a4e0 (base 16) in base 2?
100000101010010011100000
-143366 (base 12) to base 6
-11122210
What is d732 (base 16) in base 11?
38432
What is 11111010001110010011 (base 2) in base 9?
1831824
-758b (base 13) to base 7
-65431
Convert -1449d (base 16) to base 8.
-242235
What is 4615584 (base 9) in base 14?
48b9c5
-1011011221 (base 3) to base 4
-11203030
What is -24500053 (base 6) in base 5?
-200113114
-111100110010000101001 (base 2) to base 4
-13212100221
Convert 160833 (base 12) to base 8.
1333247
Convert 1001011011011010000110 (base 2) to base 5.
1113042213
What is -635182 (base 12) in base 10?
-1564082
Convert -2001111001212 (base 3) to base 14.
-205dc8
What is 7c5975 (base 13) in base 10?
2954385
Convert 10002121200 (base 3) to base 16.
ee1d
What is -170ca12 (base 14) in base 13?
-2468897
What is -216436352 (base 7) in base 2?
-110010000110111101100000
110111100010101100010 (base 2) to base 13
4b9532
What is -530644 (base 7) in base 14?
-25524
What is 3445043 (base 11) in base 8?
26765731
-2034410 (base 5) to base 8
-101702
Convert -10645f (base 16) to base 2.
-100000110010001011111
What is -c3829 (base 14) in base 15?
-94789
What is 550632 (base 7) in base 10?
96357
Convert 305840 (base 9) to base 3.
100012221100
What is -1301554 (base 8) in base 3?
-200100122101
What is -5ccdd3 (base 14) in base 13?
-877096
-2212122201 (base 3) to base 6
-1114031
What is -20222022 (base 4) in base 5?
-2113331
Convert -25b58 (base 14) to base 11.
-63791
What is -48084 (base 11) in base 13?
-25711
What is 178707 (base 11) in base 3?
111222021200
Convert 1767517 (base 8) to base 16.
7ef4f
d1250 (base 14) to base 11
313692
What is 311321004 (base 5) in base 9?
2354768
What is 3440355 (base 6) in base 9?
287868
-132133203 (base 5) to base 9
-1217577
What is -103333b (base 12) in base 14?
-596cc7
What is -2a2a21 (base 11) in base 2?
-1110011010101010111
What is 17863515 (base 9) in base 8?
42314114
Convert -30640a (base 12) to base 11.
-4780a1
151484 (base 9) to base 7
535042
What is 53ceb1 (base 15) in base 4?
33032233312
1010101010000 (base 2) to base 14
1dba
-72798c (base 13) to base 14
-4d82a1
Convert -20140022 (base 5) to base 8.
-474137
23323011 (base 4) to base 13
192c9
What is 160561 (base 10) in base 13?
5810b
What is 222043310 (base 5) in base 9?
1740832
What is -66004 (base 7) in base 11?
-11411
What is 232321 (base 13) in base 4?
3023122231
What is -3404240 (base 5) in base 8?
-165051
Convert 29105 (base 15) to base 16.
2030f
14305240 (base 6) to base 13
142692
What is -a3352 (base 15) in base 4?
-1332100013
21005105 (base 6) to base 12
253795
What is 27b217 (base 12) in base 3?
1020122021101
What is -2344634 (base 7) in base 14?
-7a354
-9886361 (base 10) to base 14
-1454c89
Convert 16d73d (base 15) to base 14.
20c041
What is 6d3e (base 16) in base 5?
1343331
316243 (base 10) to base 8
1151523
101020344 (base 5) to base 7
3315223
What is 1233212012 (base 5) in base 12?
1019345
What is -13327737 (base 8) in base 16?
-2dafdf
631224 (base 7) to base 14
2b784
-305443523 (base 6) to base 12
-19405a3
Convert 2232302212 (base 4) to base 16.
aeca6
What is -2bc8ab1 (base 13) in base 16?
-d7260f
What is 1cac07 (base 15) in base 12?
578144
-94887 (base 13) to base 3
-111120200000
What is 1015725 (base 9) in base 3?
1000112210212
Convert 1387281 (base 12) to base 16.
3bacc1
Convert -5a377b (base 12) to base 9.
-2661655
-1020111011 (base 4) to base 6
-10203325
What is ec3 (base 16) in base 10?
3779
What is -1110255114 (base 6) in base 5?
-11041413111
8733 (base 15) to base 4
12333033
What is -439093 (base 14) in base 12?
-926035
What is 7b50 (base 14) in base 11?
15116
Convert 7b1c8 (base 13) to base 5.
24140202
What is -12104300 (base 5) in base 13?
-3c611
What is -100110110110101010 (base 2) in base 5?
-20043041
What is 141331263 (base 7) in base 8?
43164454
What is -169513 (base 14) in base 10?
-794013
-53040563 (base 7) to base 12
-1600ab8
What is 101111000011010001 (base 2) in base 11?
121881
112111221113 (base 4) to base 2
10110010101101001010111
Convert -7a69b (base 14) to base 6.
-10214025
2515732 (base 8) to base 7
5623664
What is -124242011 (base 5) in base 2?
-10010110111110001101
121211212200 (base 3) to base 11
20715a
What is -320520300 (base 6) in base 13?
-1226373
What is -5517464 (base 9) in base 2?
-1011010011110000010000
Convert -32233333101 (base 4) to base 2.
-1110101111111111010001
What is -173793 (base 10) in base 9?
-284353
Convert 5b5991 (base 16) to base 9.
12234184
Convert -90600 (b